{"id":92,"date":"2021-04-07T12:51:39","date_gmt":"2021-04-07T12:51:39","guid":{"rendered":"https:\/\/awn-archeologie.nl\/werkgroep\/steentijd\/?page_id=92"},"modified":"2021-05-19T20:32:36","modified_gmt":"2021-05-19T20:32:36","slug":"publicaties-algemeen","status":"publish","type":"page","link":"https:\/\/awn-archeologie.nl\/werkgroep\/steentijd\/publicaties-algemeen\/","title":{"rendered":"Publicaties algemeen"},"content":{"rendered":"<p style=\"text-align: center;\"><strong><span style=\"color: #008000;\">Op deze pagina staan artikelen die u kunt downloaden en mag delen met derden.<\/span><\/strong><\/p>\n<p>Met behulp van de driehoekjes in de kolomtitels kan gesorteerd worden op titel, bron, auteur, materiaal, vroegst besproken periode en format. Ook kan gezocht worden op trefwoord in het zoekveld rechtsboven de tabel.<br \/>\nMet behulp van de link in de laatste kolom kan het betreffende artikel worden gedownload.Mocht u van mening zijn dat uw publicatie of artikel hier mist of ten onrechte is opgenomen, neem dan contact op met het <a href=\"mailto:middenbrabant.24@awn-archeologie.nl\">secretariaat<\/a>.<br \/>\n\n<table id=\"tablepress-3\" class=\"tablepress tablepress-id-3\">\n<thead>\n<tr class=\"row-1\">\n\t<th class=\"column-1\">auteur<\/th><th class=\"column-2\">jaar van uitgave<\/th><th class=\"column-3\">titel<\/th><th class=\"column-4\">format<\/th><th class=\"column-5\">link naar artikel<\/th>\n<\/tr>\n<\/thead>\n<tbody class=\"row-striping row-hover\">\n<tr class=\"row-2\">\n\t<td class=\"column-1\">Karl Heinz Brandt<\/td><td class=\"column-2\">1967<\/td><td class=\"column-3\">STUDIEN \u00dcBER STEINERNE \u00c4XTE UND BEILE DER J\u00dcNGEREN STEINZEIT UND DER STEIN-KUPFERZEIT NORDWESTDUTSCHLANDS<\/td><td class=\"column-4\">PDF<\/td><td class=\"column-5\"><a href=\"https:\/\/mega.nz\/file\/sslDFRTb#2yznr8zzFCuKP0pXQgRHS67oUWIYA4Gz2U3_2fZriFU\" target=\"_blank\">Bestand downloaden<\/a><\/td>\n<\/tr>\n<tr class=\"row-3\">\n\t<td class=\"column-1\">Lutz Fiedler<\/td><td class=\"column-2\">2024<\/td><td class=\"column-3\">Typolygy of handaxes; a basic and simplified classification<\/td><td class=\"column-4\">PDF<\/td><td class=\"column-5\"><a href=\"https:\/\/mega.nz\/file\/Qpcm3bZK#t8SjPZxZgrEcdlxd96tYYBpazvnIV-TE_2lXHw6pSl4\" target=\"_blank\" rel=\"noopener\">download bestand<\/a><\/td>\n<\/tr>\n<tr class=\"row-4\">\n\t<td class=\"column-1\">Sonneville-Bordes D., Perro de J.<\/td><td class=\"column-2\">1954<\/td><td class=\"column-3\">Lexique typologique du pal\u00e9olithique sup\u00e9rieur (deel1)<\/td><td class=\"column-4\">PDF<\/td><td class=\"column-5\"><a href=\"https:\/\/awn-archeologie.nl\/werkgroep\/steentijd\/wp-content\/uploads\/2022\/12\/bspf_0249-7638_1955_num_52_1_3156.pdf\" rel=\"noopener\" target=\"_blank\">download bestand (deel 1)<\/a><\/td>\n<\/tr>\n<tr class=\"row-5\">\n\t<td class=\"column-1\">Sonneville-Bordes D., Perro de J.<\/td><td class=\"column-2\">1955<\/td><td class=\"column-3\">Lexique typologique du Pal\u00e9olithique sup\u00e9rieur, Outillagelithique, III - Outils composites - Per\u00e7oirs (deel 2)<\/td><td class=\"column-4\">PDF<\/td><td class=\"column-5\"><a href=\"https:\/\/awn-archeologie.nl\/werkgroep\/steentijd\/wp-content\/uploads\/2022\/12\/bspf_0249-7638_1954_num_51_7_3106.pdf\" rel=\"noopener\" target=\"_blank\">download bestand (deel 2)<\/a><\/td>\n<\/tr>\n<tr class=\"row-6\">\n\t<td class=\"column-1\">Sonneville-Bordes D., Perro de J.<\/td><td class=\"column-2\">1956<\/td><td class=\"column-3\">Lexique typologique du Pal\u00e9olithique sup\u00e9rieur (deel3)<\/td><td class=\"column-4\">PDF<\/td><td class=\"column-5\"><a href=\"https:\/\/awn-archeologie.nl\/werkgroep\/steentijd\/wp-content\/uploads\/2022\/12\/bspf_0249-7638_1956_num_53_7_3357.pdf\" rel=\"noopener\" target=\"_blank\">download bestand (deel 3)<\/a><\/td>\n<\/tr>\n<tr class=\"row-7\">\n\t<td class=\"column-1\">Sonneville-Bordes D., Perro de J.<\/td><td class=\"column-2\">1956<\/td><td class=\"column-3\">Lexique typologique du Pal\u00e9olithique sup\u00e9rieur (deel 4)<\/td><td class=\"column-4\">PDF<\/td><td class=\"column-5\"><a href=\"https:\/\/awn-archeologie.nl\/werkgroep\/steentijd\/wp-content\/uploads\/2022\/12\/bspf_0249-7638_1956_num_53_9_3374.pdf\" rel=\"noopener\" target=\"_blank\">download bestand (deel 4)<\/a><\/td>\n<\/tr>\n<tr class=\"row-8\">\n\t<td class=\"column-1\">Dijkstra P.<\/td><td class=\"column-2\">2018<\/td><td class=\"column-3\">\u201cEEMSTER REVISITED\u201d REVIEWED Commentaar  op wetenschapsfilosofie, logica en onzin van gespecialiseerde beroepsarcheologen bij een vondstmelding<\/td><td class=\"column-4\">PDF<\/td><td class=\"column-5\"><a href=\"https:\/\/awn-archeologie.nl\/werkgroep\/steentijd\/wp-content\/uploads\/2022\/12\/Eemster-II.pdf\" rel=\"noopener\" target=\"_blank\">bestand downloaden<\/a><\/td>\n<\/tr>\n<tr class=\"row-9\">\n\t<td class=\"column-1\">Drift J.W. van der,  Olischl\u00e4ger, S. &amp; Dijkstra P.<\/td><td class=\"column-2\">2021<\/td><td class=\"column-3\">Paleolithische Pionier Technologie in Banholt (Limburg).<\/td><td class=\"column-4\">PDF<\/td><td class=\"column-5\"><br \/>\n<a href=\"https:\/\/awn-archeologie.nl\/werkgroep\/steentijd\/wp-content\/uploads\/2022\/12\/Banholt-TH-Nederlands.pdf\" rel=\"noopener\" target=\"_blank\">download bestand (Nederlands)<\/a><\/td>\n<\/tr>\n<tr class=\"row-10\">\n\t<td class=\"column-1\">Drift J.W. van der,  Olischl\u00e4ger, S. &amp; Dijkstra P.<\/td><td class=\"column-2\">2021<\/td><td class=\"column-3\">Paleolithic Pioneer Technology at Banholt (the Netherlands).<\/td><td class=\"column-4\">PDF<\/td><td class=\"column-5\"><a href=\"https:\/\/awn-archeologie.nl\/werkgroep\/steentijd\/wp-content\/uploads\/2022\/12\/Banholt-TH-English.pdf\" rel=\"noopener\" target=\"_blank\">download bestand (Engels)<\/a><\/td>\n<\/tr>\n<tr class=\"row-11\">\n\t<td class=\"column-1\">Drift J.W. van der<\/td><td class=\"column-2\">2022<\/td><td class=\"column-3\">Going North<\/td><td class=\"column-4\">PDF<\/td><td class=\"column-5\"><a href=\"https:\/\/awn-archeologie.nl\/werkgroep\/steentijd\/wp-content\/uploads\/2023\/12\/Going-North.pdf\">download bestand<\/a><\/td>\n<\/tr>\n<tr class=\"row-12\">\n\t<td class=\"column-1\">Visser C.A.,  Gaffney C. &amp; Hessing W.A.M.<\/td><td class=\"column-2\">2011<\/td><td class=\"column-3\">Het gebruik van geofysische prospectietechnieken in de Nederlandse archeologie<\/td><td class=\"column-4\">PDF<\/td><td class=\"column-5\"><a href=\"https:\/\/www.awn-archeologie.nl\/afdeling\/avkp\/wp-content\/uploads\/2019\/04\/Vestigia-2011.pdf\" rel=\"noopener\" target=\"_blank\">Vestigia (2011)<\/a><\/td>\n<\/tr>\n<tr class=\"row-13\">\n\t<td class=\"column-1\">Ulrich, Evert<\/td><td class=\"column-2\">2022<\/td><td class=\"column-3\">Akkerdrang<\/td><td class=\"column-4\">PDF<\/td><td class=\"column-5\"><a href=\"https:\/\/awn-archeologie.nl\/werkgroep\/steentijd\/wp-content\/uploads\/2022\/12\/Akkerdrang-4-voorlopig-1-mei-met-fotos-def-2.pdf\" rel=\"noopener\" target=\"_blank\">download bestand<\/a><\/td>\n<\/tr>\n<tr class=\"row-14\">\n\t<td class=\"column-1\">Houkes, Rinus<\/td><td class=\"column-2\">2022<\/td><td class=\"column-3\">Een vuurstenen sikkelfragment uit de Geitenwaard bij Herwen, Gemeente Zevenaar<\/td><td class=\"column-4\">PDF<\/td><td class=\"column-5\"><a href=\"https:\/\/awn-archeologie.nl\/werkgroep\/steentijd\/wp-content\/uploads\/2022\/12\/Een-vuurstenen-sikkelfragment-uit-de-Geitenwaard-bij-Herwen-Rinus-Houkes.pdf\" rel=\"noopener\" target=\"_blank\">download bestand<\/a><\/td>\n<\/tr>\n<tr class=\"row-15\">\n\t<td class=\"column-1\">Houkes, Rinus<\/td><td class=\"column-2\">1996<\/td><td class=\"column-3\">Onderzoek naar relaties in de verspreiding van grafheuvels uit het laat neolithicum en de bronstijd in het gebied Arnhem-Renkum, kaartblad 40A noordelijk deel<\/td><td class=\"column-4\">PDF<\/td><td class=\"column-5\"><a href=\"https:\/\/awn-archeologie.nl\/werkgroep\/steentijd\/wp-content\/uploads\/2022\/12\/relaties-in-enz.pdf\" rel=\"noopener\" target=\"_blank\">download bestand<\/a><\/td>\n<\/tr>\n<tr class=\"row-16\">\n\t<td class=\"column-1\">Wentink, Karsten<\/td><td class=\"column-2\">2006<\/td><td class=\"column-3\">Ceci n\u2019est pas une hache<\/td><td class=\"column-4\">PDF<\/td><td class=\"column-5\"><a href=\"https:\/\/awn-archeologie.nl\/werkgroep\/steentijd\/wp-content\/uploads\/2022\/11\/Ceci-nest-pas-une-hache-Neolithic-Depositions-in-the-Northern-Netherlands.pdf\">download bestand<\/a><\/td>\n<\/tr>\n<tr class=\"row-17\">\n\t<td class=\"column-1\">Wentink, Karsten<\/td><td class=\"column-2\">2020<\/td><td class=\"column-3\">The role of grave sets in Corded Ware and Bell Beaker funerary practices<\/td><td class=\"column-4\">PDF<\/td><td class=\"column-5\"><a href=\"https:\/\/awn-archeologie.nl\/werkgroep\/steentijd\/wp-content\/uploads\/2022\/11\/The-role-of-grave-sets-in-Corded-Ware-and-Bell-Beaker-funerary-practices.pdf\">download bestand<\/a><\/td>\n<\/tr>\n<tr class=\"row-18\">\n\t<td class=\"column-1\">RCE<\/td><td class=\"column-2\">2016<\/td><td class=\"column-3\">Vuursteen verzameld<\/td><td class=\"column-4\">PDF<\/td><td class=\"column-5\"><a href=\"https:\/\/mega.nz\/file\/AhdnRYLQ#fvzRvSj1ahJRc_AtKk_9ViZyyYPcL3gxniBNdErd-sE\">download bestand<\/a><\/td>\n<\/tr>\n<tr class=\"row-19\">\n\t<td class=\"column-1\">Drift, Jan Willem van der<\/td><td class=\"column-2\">2023<\/td><td class=\"column-3\">The first Europeans: Old-Paleolithic at the Danube<\/td><td class=\"column-4\">PDF<\/td><td class=\"column-5\"><a href=\"https:\/\/mega.nz\/file\/Rg1jibKb#G6NXKzoY9dncJRxUS9wFcqIJYWvTeX2Y1TGuzvLEa70\">download bestand<\/a><\/td>\n<\/tr>\n<tr class=\"row-20\">\n\t<td class=\"column-1\">Drift, Jan Willem van der<\/td><td class=\"column-2\">2025<\/td><td class=\"column-3\">Mode 1, -2 en -3 ontstonden als reactie op klimaatverandering<\/td><td class=\"column-4\">PDF<\/td><td class=\"column-5\"><a href=\"https:\/\/mega.nz\/file\/hks3CSgD#DQvMAlSUriwtQXlXuOlAozx7oWG2FLmm-spFn_XPL18\" target=\"_blank\">Download bestand<\/a><\/td>\n<\/tr>\n<tr class=\"row-21\">\n\t<td class=\"column-1\">Meerdere<\/td><td class=\"column-2\">2014<\/td><td class=\"column-3\">Similar but Different Bell Beakers in Europe<\/td><td class=\"column-4\">PDF<\/td><td class=\"column-5\"><a href=\"https:\/\/awn-archeologie.nl\/werkgroep\/steentijd\/wp-content\/uploads\/2022\/11\/Similar-but-Different-Bell-Beakers-in-Europe.pdf\">download bestand<\/a><\/td>\n<\/tr>\n<\/tbody>\n<\/table>\n<!-- #tablepress-3 from cache --><\/p>\n","protected":false},"excerpt":{"rendered":"<p>Op deze pagina staan artikelen die u kunt downloaden en mag delen met derden. Met behulp van de driehoekjes in de kolomtitels kan gesorteerd worden op titel, bron, auteur, materiaal, vroegst besproken periode en format. Ook kan gezocht worden op trefwoord in het zoekveld rechtsboven de tabel. Met behulp van de link in de laatste [&hellip;]<\/p>\n","protected":false},"author":2,"featured_media":0,"parent":0,"menu_order":0,"comment_status":"closed","ping_status":"closed","template":"","meta":{"footnotes":""},"class_list":["post-92","page","type-page","status-publish","hentry"],"_links":{"self":[{"href":"https:\/\/awn-archeologie.nl\/werkgroep\/steentijd\/wp-json\/wp\/v2\/pages\/92","targetHints":{"allow":["GET"]}}],"collection":[{"href":"https:\/\/awn-archeologie.nl\/werkgroep\/steentijd\/wp-json\/wp\/v2\/pages"}],"about":[{"href":"https:\/\/awn-archeologie.nl\/werkgroep\/steentijd\/wp-json\/wp\/v2\/types\/page"}],"author":[{"embeddable":true,"href":"https:\/\/awn-archeologie.nl\/werkgroep\/steentijd\/wp-json\/wp\/v2\/users\/2"}],"replies":[{"embeddable":true,"href":"https:\/\/awn-archeologie.nl\/werkgroep\/steentijd\/wp-json\/wp\/v2\/comments?post=92"}],"version-history":[{"count":2,"href":"https:\/\/awn-archeologie.nl\/werkgroep\/steentijd\/wp-json\/wp\/v2\/pages\/92\/revisions"}],"predecessor-version":[{"id":116,"href":"https:\/\/awn-archeologie.nl\/werkgroep\/steentijd\/wp-json\/wp\/v2\/pages\/92\/revisions\/116"}],"wp:attachment":[{"href":"https:\/\/awn-archeologie.nl\/werkgroep\/steentijd\/wp-json\/wp\/v2\/media?parent=92"}],"curies":[{"name":"wp","href":"https:\/\/api.w.org\/{rel}","templated":true}]}}